{"id":2,"date":"2019-09-11T10:01:51","date_gmt":"2019-09-11T08:01:51","guid":{"rendered":"http:\/\/www.f-d-d.eu\/?page_id=2"},"modified":"2022-07-08T09:38:22","modified_gmt":"2022-07-08T07:38:22","slug":"page-d-exemple","status":"publish","type":"page","link":"https:\/\/www.f-d-d.eu\/it\/","title":{"rendered":"Luci di emergenza"},"content":{"rendered":"<p><em>Luci di emergenza<\/em> \u00e8 un progetto artistico ideato da Paloma Fern\u00e1ndez Sobrino e coordinato da <a href=\"http:\/\/www.agedelatortue.org\/\"><em>L&#8217;\u00e2ge de la tortue<\/em><\/a> che segue la pubblicazione de <a href=\"http:\/\/www.encyclopedie-des-migrants.eu\/\"><em>L&#8217;Encyclop\u00e9die des migrants<\/em><\/a>. Questo progetto internazionale nasce dalla volont\u00e0 di mettere in discussione la situazione politica e sociale dei migranti in Europa oggi.<\/p>\n","protected":false},"excerpt":{"rendered":"<p>Luci di emergenza \u00e8 un progetto artistico ideato da Paloma Fern\u00e1ndez Sobrino e coordinato da L&#8217;\u00e2ge de la tortue che segue la pubblicazione de L&#8217;Encyclop\u00e9die des migrants. Questo progetto internazionale nasce dalla volont\u00e0 di mettere in discussione la situazione politica e sociale dei migranti in Europa oggi.<\/p>\n","protected":false},"author":1,"featured_media":0,"parent":0,"menu_order":0,"comment_status":"closed","ping_status":"open","template":"page-accueil.php","meta":{"footnotes":""},"translation":{"provider":"WPGlobus","version":"2.12.2","language":"it","enabled_languages":["fr","en","es","pt","tr","it"],"languages":{"fr":{"title":true,"content":true,"excerpt":false},"en":{"title":true,"content":true,"excerpt":false},"es":{"title":true,"content":true,"excerpt":false},"pt":{"title":true,"content":true,"excerpt":false},"tr":{"title":true,"content":true,"excerpt":false},"it":{"title":true,"content":true,"excerpt":false}}},"acf":[],"_links":{"self":[{"href":"https:\/\/www.f-d-d.eu\/it\/wp-json\/wp\/v2\/pages\/2"}],"collection":[{"href":"https:\/\/www.f-d-d.eu\/it\/wp-json\/wp\/v2\/pages"}],"about":[{"href":"https:\/\/www.f-d-d.eu\/it\/wp-json\/wp\/v2\/types\/page"}],"author":[{"embeddable":true,"href":"https:\/\/www.f-d-d.eu\/it\/wp-json\/wp\/v2\/users\/1"}],"replies":[{"embeddable":true,"href":"https:\/\/www.f-d-d.eu\/it\/wp-json\/wp\/v2\/comments?post=2"}],"version-history":[{"count":83,"href":"https:\/\/www.f-d-d.eu\/it\/wp-json\/wp\/v2\/pages\/2\/revisions"}],"predecessor-version":[{"id":2210,"href":"https:\/\/www.f-d-d.eu\/it\/wp-json\/wp\/v2\/pages\/2\/revisions\/2210"}],"wp:attachment":[{"href":"https:\/\/www.f-d-d.eu\/it\/wp-json\/wp\/v2\/media?parent=2"}],"curies":[{"name":"wp","href":"https:\/\/api.w.org\/{rel}","templated":true}]}}

<p><em>Luci di emergenza</em> è un progetto artistico ideato da Paloma Fernández Sobrino e coordinato da <a href="http://www.agedelatortue.org/"><em>L&#8217;âge de la tortue</em></a> che segue la pubblicazione de <a href="http://www.encyclopedie-des-migrants.eu/"><em>L&#8217;Encyclopédie des migrants</em></a>. Questo progetto internazionale nasce dalla volontà di mettere in discussione la situazione politica e sociale dei migranti in Europa oggi.</p>

<p>Luci di emergenza è un progetto artistico ideato da Paloma Fernández Sobrino e coordinato da L&#8217;âge de la tortue che segue la pubblicazione de L&#8217;Encyclopédie des migrants. Questo progetto internazionale nasce dalla volontà di mettere in discussione la situazione politica e sociale dei migranti in Europa oggi.</p>
