{"id":2,"date":"2019-09-11T10:01:51","date_gmt":"2019-09-11T08:01:51","guid":{"rendered":"http:\/\/www.f-d-d.eu\/?page_id=2"},"modified":"2022-07-08T09:38:22","modified_gmt":"2022-07-08T07:38:22","slug":"page-d-exemple","status":"publish","type":"page","link":"https:\/\/www.f-d-d.eu\/pt\/","title":{"rendered":"Foguete de emerg\u00eancia"},"content":{"rendered":"<p><em>Foguete de emerg\u00eancia <\/em>\u00e9 um projeto art\u00edstico concebido por Paloma Fern\u00e1ndez Sobrino e coordenado pela <a href=\"http:\/\/www.agedelatortue.org\/\"><em>L&#8217;\u00e2ge de la tortue<\/em><\/a>, que d\u00e1 seguimento \u00e0 publica\u00e7\u00e3o da <a href=\"http:\/\/www.enciclopedia-dos-migrantes.eu\/\"><em>Enciclopedia dos migrantes<\/em><\/a>. Este projeto transnacional nasceu do desejo de questionar a atual situa\u00e7\u00e3o pol\u00edtica e social dos migrantes na Europa.<\/p>\n","protected":false},"excerpt":{"rendered":"<p>Foguete de emerg\u00eancia \u00e9 um projeto art\u00edstico concebido por Paloma Fern\u00e1ndez Sobrino e coordenado pela L&#8217;\u00e2ge de la tortue, que d\u00e1 seguimento \u00e0 publica\u00e7\u00e3o da Enciclopedia dos migrantes. Este projeto transnacional nasceu do desejo de questionar a atual situa\u00e7\u00e3o pol\u00edtica e social dos migrantes na Europa.<\/p>\n","protected":false},"author":1,"featured_media":0,"parent":0,"menu_order":0,"comment_status":"closed","ping_status":"open","template":"page-accueil.php","meta":{"footnotes":""},"translation":{"provider":"WPGlobus","version":"2.12.2","language":"pt","enabled_languages":["fr","en","es","pt","tr","it"],"languages":{"fr":{"title":true,"content":true,"excerpt":false},"en":{"title":true,"content":true,"excerpt":false},"es":{"title":true,"content":true,"excerpt":false},"pt":{"title":true,"content":true,"excerpt":false},"tr":{"title":true,"content":true,"excerpt":false},"it":{"title":true,"content":true,"excerpt":false}}},"acf":[],"_links":{"self":[{"href":"https:\/\/www.f-d-d.eu\/pt\/wp-json\/wp\/v2\/pages\/2"}],"collection":[{"href":"https:\/\/www.f-d-d.eu\/pt\/wp-json\/wp\/v2\/pages"}],"about":[{"href":"https:\/\/www.f-d-d.eu\/pt\/wp-json\/wp\/v2\/types\/page"}],"author":[{"embeddable":true,"href":"https:\/\/www.f-d-d.eu\/pt\/wp-json\/wp\/v2\/users\/1"}],"replies":[{"embeddable":true,"href":"https:\/\/www.f-d-d.eu\/pt\/wp-json\/wp\/v2\/comments?post=2"}],"version-history":[{"count":83,"href":"https:\/\/www.f-d-d.eu\/pt\/wp-json\/wp\/v2\/pages\/2\/revisions"}],"predecessor-version":[{"id":2210,"href":"https:\/\/www.f-d-d.eu\/pt\/wp-json\/wp\/v2\/pages\/2\/revisions\/2210"}],"wp:attachment":[{"href":"https:\/\/www.f-d-d.eu\/pt\/wp-json\/wp\/v2\/media?parent=2"}],"curies":[{"name":"wp","href":"https:\/\/api.w.org\/{rel}","templated":true}]}}

Foguete de emergência

<p><em>Foguete de emergência </em>é um projeto artístico concebido por Paloma Fernández Sobrino e coordenado pela <a href="http://www.agedelatortue.org/"><em>L&#8217;âge de la tortue</em></a>, que dá seguimento à publicação da <a href="http://www.enciclopedia-dos-migrantes.eu/"><em>Enciclopedia dos migrantes</em></a>. Este projeto transnacional nasceu do desejo de questionar a atual situação política e social dos migrantes na Europa.</p>

<p>Foguete de emergência é um projeto artístico concebido por Paloma Fernández Sobrino e coordenado pela L&#8217;âge de la tortue, que dá seguimento à publicação da Enciclopedia dos migrantes. Este projeto transnacional nasceu do desejo de questionar a atual situação política e social dos migrantes na Europa.</p>
